{"id":20,"date":"2021-11-16T14:55:47","date_gmt":"2021-11-16T14:55:47","guid":{"rendered":"https:\/\/allgemeinmedizin-holle.de\/?page_id=20"},"modified":"2023-10-26T09:22:34","modified_gmt":"2023-10-26T09:22:34","slug":"vorsorgeuntersuchung","status":"publish","type":"page","link":"https:\/\/allgemeinmedizin-holle.de\/?page_id=20","title":{"rendered":"Vorsorgeuntersuchung"},"content":{"rendered":"<div class=\"fusion-fullwidth fullwidth-box fusion-builder-row-1 fusion-flex-container nonhundred-percent-fullwidth non-hundred-percent-height-scrolling\" style=\"--awb-border-radius-top-left:0px;--awb-border-radius-top-right:0px;--awb-border-radius-bottom-right:0px;--awb-border-radius-bottom-left:0px;--awb-flex-wrap:wrap;\" ><div class=\"fusion-builder-row fusion-row fusion-flex-align-items-flex-start fusion-flex-content-wrap\" style=\"max-width:1456px;margin-left: calc(-4% \/ 2 );margin-right: calc(-4% \/ 2 );\"><div class=\"fusion-layout-column fusion_builder_column fusion-builder-column-0 fusion_builder_column_1_1 1_1 fusion-flex-column\" style=\"--awb-bg-size:cover;--awb-width-large:100%;--awb-margin-top-large:0px;--awb-spacing-right-large:1.92%;--awb-margin-bottom-large:20px;--awb-spacing-left-large:1.92%;--awb-width-medium:100%;--awb-order-medium:0;--awb-spacing-right-medium:1.92%;--awb-spacing-left-medium:1.92%;--awb-width-small:100%;--awb-order-small:0;--awb-spacing-right-small:1.92%;--awb-spacing-left-small:1.92%;\"><div class=\"fusion-column-wrapper fusion-column-has-shadow fusion-flex-justify-content-flex-start fusion-content-layout-column\"><div class=\"fusion-text fusion-text-1\" style=\"--awb-text-transform:none;\"><p>Viele Erkrankungen k\u00f6nnen durch Vorsorgeuntersuchungen und eine regelm\u00e4\u00dfige Untersuchung verhindert werden. Um das Ziel einer langfristigen Gesundheit zu erreichen, bieten wir Ihnen in unserer Praxis verschiedene Leistungen an.<\/p>\n<h2>Ein Auszug der<br \/>\nAllgemeinmedizinischen Leistungen<\/h2>\n<p>Lassen Sie sich von unserem Team ein individuelles Vorsorgeprogramm erstellen. Wir bieten unseren Patienten ein Leistungsangebot, das nicht immer von den gesetzlichen Krankenkassen verg\u00fctet wird. Manche Leistungen sind im Einzelfall jedoch medizinisch sinnvoll.<\/p>\n<p>Leistungen, die nicht von den gesetzlichen Krankenkassen getragen werden, f\u00fchren wir selbstverst\u00e4ndlich auch bei gesetzlich versicherten Patienten durch. Diese Leistungen m\u00fcssen selber bezahlt werden. Sollten Sie noch Fragen zu unseren Leistungen haben, stehen wir Ihnen nat\u00fcrlich gerne pers\u00f6nlich zur Verf\u00fcgung.<\/p>\n<h3>Ein \u00dcberblick<\/h3>\n<div class=\"cm_column_wrapper\">\n<div class=\"cm_column cm-container-large cm-container-no-columns-2\">\n<ul>\n<li>Vorsorgeuntersuchungen f\u00fcr Kinder (U2-U9)<\/li>\n<li>Vorsorgeuntersuchungen f\u00fcr Jugendliche (J1\/12-13. Lebensjahr)<\/li>\n<li>Gesundheitsuntersuchungen f\u00fcr Frauen und M\u00e4nner ab dem 35. Lebensjahr<\/li>\n<li>(gem. Leistungen der Krankenkassen)<\/li>\n<\/ul>\n<\/div>\n<div class=\"cm_column_gap cm_column_gap_left\"><\/div>\n<div class=\"cm_column_gap cm_column_gap_right\"><\/div>\n<div class=\"cm_column cm-container-large cm-container-no-columns-2\">\n<ul>\n<li>Krebsvorsorge M\u00e4nner (gem. Leistungen der Krankenkassen)<\/li>\n<li>Impfungen<\/li>\n<li>individuelle Check-Ups und Vorsorgeuntersuchungen (als privat\u00e4rztliche Leistung)<\/li>\n<li>Hautscreening<\/li>\n<\/ul>\n<\/div>\n<div class=\"cm_column_gap cm_column_gap_left\"><\/div>\n<div class=\"cm_column_gap cm_column_gap_right\"><\/div>\n<div class=\"cm_column cm-container-large cm-container-no-columns-2\">\n<ul>\n<li>Ern\u00e4hrungs- und Di\u00e4tberatung<\/li>\n<li>Diabetikerschulung<\/li>\n<li>Patientenschulung Bluthochdruck<\/li>\n<li>Patientenvortr\u00e4ge<\/li>\n<\/ul>\n<\/div>\n<\/div>\n<\/div><\/div><\/div><\/div><\/div>\n","protected":false},"excerpt":{"rendered":"","protected":false},"author":1,"featured_media":0,"parent":0,"menu_order":0,"comment_status":"closed","ping_status":"closed","template":"","meta":{"footnotes":""},"class_list":["post-20","page","type-page","status-publish","hentry"],"_links":{"self":[{"href":"https:\/\/allgemeinmedizin-holle.de\/index.php?rest_route=\/wp\/v2\/pages\/20","targetHints":{"allow":["GET"]}}],"collection":[{"href":"https:\/\/allgemeinmedizin-holle.de\/index.php?rest_route=\/wp\/v2\/pages"}],"about":[{"href":"https:\/\/allgemeinmedizin-holle.de\/index.php?rest_route=\/wp\/v2\/types\/page"}],"author":[{"embeddable":true,"href":"https:\/\/allgemeinmedizin-holle.de\/index.php?rest_route=\/wp\/v2\/users\/1"}],"replies":[{"embeddable":true,"href":"https:\/\/allgemeinmedizin-holle.de\/index.php?rest_route=%2Fwp%2Fv2%2Fcomments&post=20"}],"version-history":[{"count":3,"href":"https:\/\/allgemeinmedizin-holle.de\/index.php?rest_route=\/wp\/v2\/pages\/20\/revisions"}],"predecessor-version":[{"id":146,"href":"https:\/\/allgemeinmedizin-holle.de\/index.php?rest_route=\/wp\/v2\/pages\/20\/revisions\/146"}],"wp:attachment":[{"href":"https:\/\/allgemeinmedizin-holle.de\/index.php?rest_route=%2Fwp%2Fv2%2Fmedia&parent=20"}],"curies":[{"name":"wp","href":"https:\/\/api.w.org\/{rel}","templated":true}]}}